{"id":29,"date":"2023-05-07T15:16:09","date_gmt":"2023-05-07T13:16:09","guid":{"rendered":"http:\/\/www.substantial-band.de\/?page_id=29"},"modified":"2023-09-18T19:37:21","modified_gmt":"2023-09-18T17:37:21","slug":"banditglieder","status":"publish","type":"page","link":"http:\/\/www.substantial-band.de\/","title":{"rendered":"Mitglieder"},"content":{"rendered":"\n<p class=\"has-text-align-center\">Music comforts, music touches, music makes you think, music cheers you up, music let the soul dance, music is substantial \u2026<\/p>\n\n\n\n<figure class=\"wp-block-image aligncenter size-full is-resized\"><img loading=\"lazy\" decoding=\"async\" src=\"http:\/\/www.substantial-band.de\/wp-content\/uploads\/2023\/05\/Tinchen-1.jpg\" alt=\"\" class=\"wp-image-31\" style=\"width:491px;height:510px\" width=\"491\" height=\"510\"\/><\/figure>\n\n\n\n<p class=\"has-text-align-center\">Bettina Kotth\u00e4user (Gesang)<br>49 Jahre jung und Mama von einem Sohn (21) und einer Tochter (24)<br>Gesungen habe ich wahrscheinlich bevor ich wirklich reden konnte. Erste B\u00fchnenerfahrung machte ich im Balbina-Chor also eher klassischer Gesang. Wir haben Messen gestaltet und auch Konzerte inszeniert (z.B. Carmina burana). Mein Musikgeschmack passte dann aber nicht wirklich in diese Richtung und ich machte mich zum ersten Mal auf die Suche nach einer Band. Von ca. 1996-2002 sang ich bei der Stolberger Band YYZ. Als mein Sohn geboren wurde, machte die Musik Pause. 2008 wurde ich Teil des Gospelchors Sound &#8217;n&#8216; Soul Aachen und war auch einige Jahre mit Begeisterung dabei.<br>Irgendwann wurde aber die Lust auf Rock wieder st\u00e4rker und ich versuchte ca 2014 wieder Teil einer Band zu werden. Daraufhin fand ich meine Jungs von Substantial. Und freue mich immer mit ihnen Musik zu machen.<\/p>\n\n\n\n<figure class=\"wp-block-image aligncenter size-full\"><img loading=\"lazy\" decoding=\"async\" width=\"495\" height=\"441\" src=\"http:\/\/www.substantial-band.de\/wp-content\/uploads\/2023\/05\/Hansi.jpg\" alt=\"\" class=\"wp-image-32\"\/><\/figure>\n\n\n\n<p class=\"has-text-align-center\">Hans Martin Albrecht (Hansi)(Bass)<br>Ich habe 63 Lenze auf dem Buckel, habe vor 45 Jahren Trompete gelernt und war aktiver F-Trompeter im Posaunenchor der Kirchengemeinde Essen-Kray. Nachdem dieser sich aufgel\u00f6st hatte versuchte ich mich einige Jahre als DJ und Tontechniker. 2014 kam ich dann zu der Band Parkinsongs, die sich aber nicht mit Sound-Samples zufrieden gaben. Darum musste ich Bass lernen, da gerade ein Bassist gebraucht wurde und Trompete so gar nicht passte. Nach einigen Auftritten l\u00f6sten sich die Parkinsongs 2018 auf. Ich spielte zus\u00e4tzlich den Bass bei Rated-R, die Band l\u00f6ste sich jedoch 2019 auch  auf, somit wechselte ich zu Substantial !<\/p>\n\n\n\n<figure class=\"wp-block-image aligncenter size-full\"><img loading=\"lazy\" decoding=\"async\" width=\"603\" height=\"717\" src=\"http:\/\/www.substantial-band.de\/wp-content\/uploads\/2023\/05\/Christof.jpg\" alt=\"\" class=\"wp-image-33\"\/><\/figure>\n\n\n\n<p class=\"has-text-align-center\">Christof Kohlen (Leadgitarre u. Gesang)<br>52 Jahre jung also im besten Alter. In der 3.\/4. Klasse fing alles mit Blockfl\u00f6tenunterricht und Orgelunterricht an (10 Jahre lang).<br>Ca. mit 13 Jahren (+\/-) bekam ich meine erste Wandergitarre und etwas Unterricht im Karkener Mandolinenverein, wir spielten sp\u00e4ter auch mal bei einer Sitzung der VHS zwischen Kinderg\u00e4rtnerinnen und Erziehern. Mit ca. 15 Jahren Sch\u00fclerband: da bereits 2 Gitarren dabei waren spielte ich Bass und versuchte mich bereits hier an den Backvocals. Die erste elektrische Gitarre wurde nicht allzu lang danach angeschafft. In der Oberstufe nahm ich vokalpraktischen Unterricht und war Teil des Schulchors, u. a. wurde die Johannespassion aufgef\u00fchrt. W\u00e4hrend des Abis wechselte ich von der Schulband in eine Metal-Truppe (Death-, Speed- und Thrash-Metal, Gesang und immer noch Bass). Als der Gitarrist ausstieg wurde ich der Gitarrist, weiterhin mit Gesang. Nach einer Pause und Aufl\u00f6sung der Band, spielte ich mit einigen semiprofessionellen Musikern und wir gr\u00fcndeten eine Unterhaltungsband. Allerdings wieder am Bass, teilweise mit Gesang (kein Schlager, aber poppig, tanzbar, trotz zweier Gitarren nicht sehr rockig\u2026).<br>Danach wieder etwas Pause (wegen Beruf und Familie) bis zur Gr\u00fcndung von Substantial.<\/p>\n\n\n\n<figure class=\"wp-block-image aligncenter size-full\"><img loading=\"lazy\" decoding=\"async\" width=\"701\" height=\"691\" src=\"http:\/\/www.substantial-band.de\/wp-content\/uploads\/2023\/05\/Bjoern.jpg\" alt=\"\" class=\"wp-image-34\"\/><\/figure>\n\n\n\n<p class=\"has-text-align-center\">Bj\u00f6rn Nowack (Drums)<br>Ich bin 41 Jahre jung und habe zwei S\u00f6hne im Alter von 8 und 10. <br>Angefangen die Sticks rotieren zu lassen habe ich im Alter von 6 Jahren in einem Trommel und Pfeifen Corps, da ich aber immer mehr auf rockige Musik getrommelt habe, begann ich mit dem Schlagzeug spielen. Ich hatte eine kurze Zeit Unterricht , was mir jedoch zu langweilig war. Dann habe ich in der Sch\u00fclerband meiner Schule gespielt. Aus dieser Combo entstand dann die klassische Garagenband (Young Guns) angelehnt an den Hollywoodstreifen. Da die Band sich nach ca. 3 Jahren aufgel\u00f6st hat, habe ich eine l\u00e4ngere Zeit pausiert. Als ich wieder das kribbeln in den Fingern gesp\u00fcrt habe, habe ich mich B.O.C abgeschlossen, diese war eine Hard Rock Cover Band. Nach Differenzen was die Musik-Auswahl betraf, bin ich zu den Lost Tones gesto\u00dfen, diese waren mir jedoch zu unmotiviert. Nach einer Bewerbung bei Substantial und dem klassischen Vorspielen, hatte ich das Gl\u00fcck das die Subis mit mir einverstanden waren. Seitdem freue ich mich jedes Mal auf die Proben &#8230; die rocken und wie sie Rocken \ud83e\udd18\ud83c\udffb<\/p>\n\n\n\n<figure class=\"wp-block-image aligncenter size-full\"><img loading=\"lazy\" decoding=\"async\" width=\"622\" height=\"507\" src=\"http:\/\/www.substantial-band.de\/wp-content\/uploads\/2023\/05\/Andre.jpg\" alt=\"\" class=\"wp-image-35\"\/><\/figure>\n\n\n\n<p class=\"has-text-align-center\">Andr\u00e9 Klein ( Rhythmusgitarre )<\/p>\n\n\n\n<p class=\"has-text-align-center\">Ich habe 1971 das Licht der Welt erblickt. Mit 21 Jahren bekam ich von meiner Tante eine Akustikgitarre geschenkt. Es dauerte ein paar Wochen bis ich verstanden hatte, dass ich auf einer Rechtsh\u00e4nder Gitarre nicht wirklich erfolgreich sein werde. Also lie\u00df ich mir die Gitarre umsaiten zu einer echten Lefthand Gitarre. \u201eSo jetzt kann es losgehen\u201c, dachte ich. Mir wurde dann schnell klar, dass ich wohl professionelle Hilfe brauche, also ab zur Musikschule. Endlich erste Fortschritte. Zum Geburtstag gab es dann eine E-Gitarre plus einen kleinen Laney Verst\u00e4rker. Mit 4 Freunden eine<br>Band zusammengestellt und einige Zeit im Jugendheim ne Kiste Bier leer geprobt. Dann sollte doch mal ein Auftritt her. Mein Freund Harry meinte, wir k\u00f6nnen doch bei Rock am Ring spielen. Also auf dem Zeltplatz, wo wir dann Pfingsten sind. Coole Idee, dann schnell eine neue Band zusammengetrommelt. Der Auftritt war ein voller Erfolg mit einer Setliste von 8 Coversongs. Die wurden dann halt 2 mal gespielt. Danach l\u00f6ste sich die Band wieder auf. Im Jahr 1998 gr\u00fcndete ich eine Projektband f\u00fcr den 35. Geburtstag meiner heutigen Frau. Ein Akustiktrio mit zwei Gitarren und Gesang. Zum 40. Geburtstag meiner Frau entstand nochmal eine Projektband mit Gesang, Bass, 2 Gitarren und Schlagzeug. Auch die l\u00f6ste sich nach dem Auftritt wieder auf. 2010 gr\u00fcndete sich die Coverband \u201eTake it or leave it\u201c in der ich bis heute noch spiele. Im Sommer 2022 stieg ich bei Substantial ein und bin froh mit dabei zu sein.<\/p>\n\n\n\n<p class=\"has-text-align-center\"><\/p>\n","protected":false},"excerpt":{"rendered":"<p>Music comforts, music touches, music makes you think, music cheers you up, music let the soul dance, music is substantial<span class=\"more-dots\">&#8230;<\/span><\/p>\n","protected":false},"author":1,"featured_media":0,"parent":0,"menu_order":0,"comment_status":"closed","ping_status":"closed","template":"","meta":{"footnotes":""},"class_list":["post-29","page","type-page","status-publish","hentry","no-post-thumbnail"],"_links":{"self":[{"href":"http:\/\/www.substantial-band.de\/index.php\/wp-json\/wp\/v2\/pages\/29","targetHints":{"allow":["GET"]}}],"collection":[{"href":"http:\/\/www.substantial-band.de\/index.php\/wp-json\/wp\/v2\/pages"}],"about":[{"href":"http:\/\/www.substantial-band.de\/index.php\/wp-json\/wp\/v2\/types\/page"}],"author":[{"embeddable":true,"href":"http:\/\/www.substantial-band.de\/index.php\/wp-json\/wp\/v2\/users\/1"}],"replies":[{"embeddable":true,"href":"http:\/\/www.substantial-band.de\/index.php\/wp-json\/wp\/v2\/comments?post=29"}],"version-history":[{"count":7,"href":"http:\/\/www.substantial-band.de\/index.php\/wp-json\/wp\/v2\/pages\/29\/revisions"}],"predecessor-version":[{"id":129,"href":"http:\/\/www.substantial-band.de\/index.php\/wp-json\/wp\/v2\/pages\/29\/revisions\/129"}],"wp:attachment":[{"href":"http:\/\/www.substantial-band.de\/index.php\/wp-json\/wp\/v2\/media?parent=29"}],"curies":[{"name":"wp","href":"https:\/\/api.w.org\/{rel}","templated":true}]}}

<p class="has-text-align-center">Music comforts, music touches, music makes you think, music cheers you up, music let the soul dance, music is substantial …</p>



<figure class="wp-block-image aligncenter size-full is-resized"><img loading="lazy" decoding="async" src="http://www.substantial-band.de/wp-content/uploads/2023/05/Tinchen-1.jpg" alt="" class="wp-image-31" style="width:491px;height:510px" width="491" height="510"/></figure>



<p class="has-text-align-center">Bettina Kotthäuser (Gesang)<br>49 Jahre jung und Mama von einem Sohn (21) und einer Tochter (24)<br>Gesungen habe ich wahrscheinlich bevor ich wirklich reden konnte. Erste Bühnenerfahrung machte ich im Balbina-Chor also eher klassischer Gesang. Wir haben Messen gestaltet und auch Konzerte inszeniert (z.B. Carmina burana). Mein Musikgeschmack passte dann aber nicht wirklich in diese Richtung und ich machte mich zum ersten Mal auf die Suche nach einer Band. Von ca. 1996-2002 sang ich bei der Stolberger Band YYZ. Als mein Sohn geboren wurde, machte die Musik Pause. 2008 wurde ich Teil des Gospelchors Sound &#8217;n&#8216; Soul Aachen und war auch einige Jahre mit Begeisterung dabei.<br>Irgendwann wurde aber die Lust auf Rock wieder stärker und ich versuchte ca 2014 wieder Teil einer Band zu werden. Daraufhin fand ich meine Jungs von Substantial. Und freue mich immer mit ihnen Musik zu machen.</p>



<figure class="wp-block-image aligncenter size-full"><img loading="lazy" decoding="async" width="495" height="441" src="http://www.substantial-band.de/wp-content/uploads/2023/05/Hansi.jpg" alt="" class="wp-image-32"/></figure>



<p class="has-text-align-center">Hans Martin Albrecht (Hansi)(Bass)<br>Ich habe 63 Lenze auf dem Buckel, habe vor 45 Jahren Trompete gelernt und war aktiver F-Trompeter im Posaunenchor der Kirchengemeinde Essen-Kray. Nachdem dieser sich aufgelöst hatte versuchte ich mich einige Jahre als DJ und Tontechniker. 2014 kam ich dann zu der Band Parkinsongs, die sich aber nicht mit Sound-Samples zufrieden gaben. Darum musste ich Bass lernen, da gerade ein Bassist gebraucht wurde und Trompete so gar nicht passte. Nach einigen Auftritten lösten sich die Parkinsongs 2018 auf. Ich spielte zusätzlich den Bass bei Rated-R, die Band löste sich jedoch 2019 auch  auf, somit wechselte ich zu Substantial !</p>



<figure class="wp-block-image aligncenter size-full"><img loading="lazy" decoding="async" width="603" height="717" src="http://www.substantial-band.de/wp-content/uploads/2023/05/Christof.jpg" alt="" class="wp-image-33"/></figure>



<p class="has-text-align-center">Christof Kohlen (Leadgitarre u. Gesang)<br>52 Jahre jung also im besten Alter. In der 3./4. Klasse fing alles mit Blockflötenunterricht und Orgelunterricht an (10 Jahre lang).<br>Ca. mit 13 Jahren (+/-) bekam ich meine erste Wandergitarre und etwas Unterricht im Karkener Mandolinenverein, wir spielten später auch mal bei einer Sitzung der VHS zwischen Kindergärtnerinnen und Erziehern. Mit ca. 15 Jahren Schülerband: da bereits 2 Gitarren dabei waren spielte ich Bass und versuchte mich bereits hier an den Backvocals. Die erste elektrische Gitarre wurde nicht allzu lang danach angeschafft. In der Oberstufe nahm ich vokalpraktischen Unterricht und war Teil des Schulchors, u. a. wurde die Johannespassion aufgeführt. Während des Abis wechselte ich von der Schulband in eine Metal-Truppe (Death-, Speed- und Thrash-Metal, Gesang und immer noch Bass). Als der Gitarrist ausstieg wurde ich der Gitarrist, weiterhin mit Gesang. Nach einer Pause und Auflösung der Band, spielte ich mit einigen semiprofessionellen Musikern und wir gründeten eine Unterhaltungsband. Allerdings wieder am Bass, teilweise mit Gesang (kein Schlager, aber poppig, tanzbar, trotz zweier Gitarren nicht sehr rockig…).<br>Danach wieder etwas Pause (wegen Beruf und Familie) bis zur Gründung von Substantial.</p>



<figure class="wp-block-image aligncenter size-full"><img loading="lazy" decoding="async" width="701" height="691" src="http://www.substantial-band.de/wp-content/uploads/2023/05/Bjoern.jpg" alt="" class="wp-image-34"/></figure>



<p class="has-text-align-center">Björn Nowack (Drums)<br>Ich bin 41 Jahre jung und habe zwei Söhne im Alter von 8 und 10. <br>Angefangen die Sticks rotieren zu lassen habe ich im Alter von 6 Jahren in einem Trommel und Pfeifen Corps, da ich aber immer mehr auf rockige Musik getrommelt habe, begann ich mit dem Schlagzeug spielen. Ich hatte eine kurze Zeit Unterricht , was mir jedoch zu langweilig war. Dann habe ich in der Schülerband meiner Schule gespielt. Aus dieser Combo entstand dann die klassische Garagenband (Young Guns) angelehnt an den Hollywoodstreifen. Da die Band sich nach ca. 3 Jahren aufgelöst hat, habe ich eine längere Zeit pausiert. Als ich wieder das kribbeln in den Fingern gespürt habe, habe ich mich B.O.C abgeschlossen, diese war eine Hard Rock Cover Band. Nach Differenzen was die Musik-Auswahl betraf, bin ich zu den Lost Tones gestoßen, diese waren mir jedoch zu unmotiviert. Nach einer Bewerbung bei Substantial und dem klassischen Vorspielen, hatte ich das Glück das die Subis mit mir einverstanden waren. Seitdem freue ich mich jedes Mal auf die Proben &#8230; die rocken und wie sie Rocken 🤘🏻</p>



<figure class="wp-block-image aligncenter size-full"><img loading="lazy" decoding="async" width="622" height="507" src="http://www.substantial-band.de/wp-content/uploads/2023/05/Andre.jpg" alt="" class="wp-image-35"/></figure>



<p class="has-text-align-center">André Klein ( Rhythmusgitarre )</p>



<p class="has-text-align-center">Ich habe 1971 das Licht der Welt erblickt. Mit 21 Jahren bekam ich von meiner Tante eine Akustikgitarre geschenkt. Es dauerte ein paar Wochen bis ich verstanden hatte, dass ich auf einer Rechtshänder Gitarre nicht wirklich erfolgreich sein werde. Also ließ ich mir die Gitarre umsaiten zu einer echten Lefthand Gitarre. „So jetzt kann es losgehen“, dachte ich. Mir wurde dann schnell klar, dass ich wohl professionelle Hilfe brauche, also ab zur Musikschule. Endlich erste Fortschritte. Zum Geburtstag gab es dann eine E-Gitarre plus einen kleinen Laney Verstärker. Mit 4 Freunden eine<br>Band zusammengestellt und einige Zeit im Jugendheim ne Kiste Bier leer geprobt. Dann sollte doch mal ein Auftritt her. Mein Freund Harry meinte, wir können doch bei Rock am Ring spielen. Also auf dem Zeltplatz, wo wir dann Pfingsten sind. Coole Idee, dann schnell eine neue Band zusammengetrommelt. Der Auftritt war ein voller Erfolg mit einer Setliste von 8 Coversongs. Die wurden dann halt 2 mal gespielt. Danach löste sich die Band wieder auf. Im Jahr 1998 gründete ich eine Projektband für den 35. Geburtstag meiner heutigen Frau. Ein Akustiktrio mit zwei Gitarren und Gesang. Zum 40. Geburtstag meiner Frau entstand nochmal eine Projektband mit Gesang, Bass, 2 Gitarren und Schlagzeug. Auch die löste sich nach dem Auftritt wieder auf. 2010 gründete sich die Coverband „Take it or leave it“ in der ich bis heute noch spiele. Im Sommer 2022 stieg ich bei Substantial ein und bin froh mit dabei zu sein.</p>



<p class="has-text-align-center"></p>
